?
False
Is 229 a factor of 95792?
False
Is 2110033 a multiple of 881?
False
Is 525178 a multiple of 3?
False
Does 15 divide 1365?
True
Is 58 a factor of 6102354?
True
Does 179 divide 274001?
False
Does 54 divide 2038707?
False
Is 4 a factor of 145620?
True
Is 227997 a multiple of 231?
True
Is 2 a factor of 11056?
True
Is 3467887 a multiple of 106?
False
Is 174 a factor of 19444?
False
Does 134 divide 17499998?
True
Is 43 a factor of 1453787?
True
Does 23 divide 4683651?
True
Is 5 a factor of 49181?
False
Does 31 divide 481473?
False
Is 979422 a multiple of 683?
True
Is 31 a factor of 906068?
True
Is 7 a factor of 2009861?
True
Is 40986 a multiple of 14?
False
Does 444 divide 2803101?
False
Does 15 divide 267540?
True
Is 68 a factor of 264656?
True
Is 22 a factor of 162188?
False
Does 385 divide 229460?
True
Does 10 divide 140290?
True
Is 136 a factor of 2260592?
True
Is 113 a factor of 544322?
False
Does 37 divide 39516?
True
Does 24 divide 7570136?
False
Does 304 divide 2133168?
True
Does 219 divide 176764?
False
Does 22 divide 1852625?
False
Is 8 a factor of 3212208?
True
Is 19 a factor of 1365739?
True
Does 196 divide 285489?
False
Is 323422 a multiple of 10?
False
Does 32 divide 29502?
False
Is 263456 a multiple of 171?
False
Is 11747640 a multiple of 546?
False
Is 3179521 a multiple of 568?
False
Is 221704 a multiple of 222?
False
Is 546 a factor of 6224400?
True
Is 50658 a multiple of 12?
False
Is 189 a factor of 20402764?
False
Is 307785 a multiple of 17?
True
Does 34 divide 741486?
False
Is 602761 a multiple of 34?
False
Is 10 a factor of 42580?
True
Is 39886 a multiple of 98?
True
Does 42 divide 4941517?
False
Is 122 a factor of 1003939?
False
Is 263 a factor of 639762?
False
Does 62 divide 660652?
False
Is 32 a factor of 10340512?
True
Does 13 divide 13236?
False
Is 19 a factor of 224352?
True
Does 26 divide 1002322?
False
Is 102 a factor of 168708?
True
Does 315 divide 178469?
False
Is 2106260 a multiple of 15?
False
Is 799 a factor of 9529673?
True
Does 16 divide 1170978?
False
Is 1849 a factor of 8605939?
False
Is 3 a factor of 58671?
True
Is 3309090 a multiple of 146?
True
Is 51 a factor of 106712?
False
Does 648 divide 1683107?
False
Does 8 divide 175016?
True
Is 59 a factor of 238596?
True
Is 12 a factor of 904068?
True
Is 2 a factor of 9537?
False
Is 1050732 a multiple of 92?
True
Is 60 a factor of 294142?
False
Does 79 divide 54194?
True
Is 3 a factor of 485720?
False
Is 12 a factor of 47774?
False
Is 833 a factor of 5888?
False
Is 73 a factor of 1851902?
False
Is 206 a factor of 247904?
False
Is 524700 a multiple of 11?
True
Is 18 a factor of 275274?
True
Does 36 divide 98028?
True
Is 13 a factor of 572663?
True
Does 306 divide 275400?
True
Is 22413 a multiple of 38?
False
Is 91 a factor of 235690?
True
Is 15 a factor of 48113040?
True
Is 837856 a multiple of 227?
False
Is 63 a factor of 17105?
False
Does 86 divide 113090?
True
Is 41 a factor of 3080477?
False
Is 805 a factor of 94185?
True
Is 22 a factor of 116053?
False
Is 646 a factor of 5711929?
False
Does 17 divide 2014?
False
Is 1281060 a multiple of 165?
True
Does 192 divide 69696?
True
Does 8 divide 16568?
True
Is 1999256 a multiple of 8?
True
Does 191 divide 11377280?
False
Does 211 divide 1202657?
False
Does 308 divide 1513725?
False
Is 315 a factor of 4978575?
True
Is 10299960 a multiple of 11?
True
Is 83 a factor of 4023014?
False
Is 291842 a multiple of 14?
False
Is 243135 a multiple of 70?
False
Is 240 a factor of 1106212?
False
Is 1133 a factor of 13447927?
False
Is 33 a factor of 1495145?
False
Is 6431691 a multiple of 40?
False
Is 30861 a multiple of 8?
False
Does 3 divide 2178382?
False
Is 129 a factor of 133403?
False
Is 894704 a multiple of 4?
True
Is 90 a factor of 145890?
True
Is 23068 a multiple of 4?
True
Is 22563 a multiple of 458?
False
Is 313909 a multiple of 6?
False
Is 160732 a multiple of 22?
True
Does 53 divide 1648830?
True
Is 49 a factor of 7428?
False
Is 168252 even?
True
Is 12395 a multiple of 16?
False
Is 539550 a multiple of 11?
True
Does 48 divide 113280?
True
Does 157 divide 95299?
True
Is 1170 a factor of 10872276?
False
Does 54 divide 1241352?
True
Is 116829 a multiple of 21?
False
Is 130 a factor of 627748?
False
Is 1064618 a multiple of 178?
True
Is 48 a factor of 1057344?
True
Is 9 a factor of 100413?
True
Is 20 a factor of 602410?
False
Does 24 divide 1433976?
True
Is 11046 a multiple of 8?
False
Does 309 divide 33162665?
False
Is 21 a factor of 563577?
True
Is 62208 a multiple of 24?
True
Does 93 divide 184730?
False
Is 8 a factor of 2210039?
False
Is 26 a factor of 148798?
True
Is 574 a factor of 638480?
False
Is 193403 a multiple of 23?
False
Is 717 a factor of 172080?
True
Is 221946 a multiple of 61?
False
Is 914810 a multiple of 31?
True
Is 2 a factor of 493241?
False
Is 346840 a multiple of 130?
True
Is 162471 a multiple of 27?
False
Is 2470754 a multiple of 689?
True
Is 798246 a multiple of 61?
True
Does 150 divide 90300?
True
Is 5 a factor of 5425443?
False
Does 418 divide 1588980?
False
Does 14 divide 171108?
True
Is 35598 a multiple of 633?
False
Is 3 a factor of 144826?
False
Is 1020320 a multiple of 280?
True
Does 20 divide 7294360?
True
Is 18 a factor of 762733?
False
Is 74 a factor of 338?
False
Does 92 divide 1733556?
True
Is 11 a factor of 4870195?
True
Is 16 a factor of 5676?
False
Does 8 divide 229224?
True
Is 577 a factor of 803218?
False
Does 17 divide 103275?
True
Is 5538405 a multiple of 95?
True
Does 14 divide 949816?
True
Is 12 a factor of 1567845?
False
Is 14 a factor of 20632475?
False
Is 163408 a multiple of 7?
True
Is 10 a factor of 243880?
True
Is 352416 a multiple of 32?
True
Is 32619 a multiple of 139?
False
Is 21778 a multiple of 20?
False
Is 193 a factor of 845183?
False
Is 868746 a multiple of 161?
False
Is 92 a factor of 72404?
True
Does 46 divide 590088?
True
Does 621 divide 1154385?
False
Does 86 divide 2430359?
False
Is 407275 a multiple of 55?
True
Is 69 a factor of 1754377?
False
Is 2535183 a multiple of 9?
True
Is 2007671 a multiple of 9?
False
Is 156310 a multiple of 29?
True
Is 25 a factor of 250375?
True
Is 97 a factor of 886095?
True
Is 2241922 a multiple of 122?
False
Is 1044 a factor of 9980640?
True
Is 370808 a multiple of 11?
False
Is 434 a factor of 150629?
False
Is 14 a factor of 4985526?
True
Is 9784 a multiple of 16?
False
Is 592074 a multiple of 222?
True
Is 84 a factor of 3153672?
False
Is 266013 a multiple of 138?
False
Is 6 a factor of 110982?
True
Is 14 a factor of 304943?
False
Is 146235 a multiple of 191?
False
Is 222 a factor of 991452?
True
Is 5780 a multiple of 340?
True
Is 42785 a multiple of 94?
False
Does 111 divide 13612888?
False
Is 3005772 a multiple of 154?
True
Is 14 a factor of 9182950?
True
Is 2256465 a multiple of 362?
False
Is 4 a factor of 139940?
True
Does 99 divide 4288482?
True
Is 96 a factor of 521843?
False
Is 3487044 a multiple of 132?
True
Is 612 a factor of 653135?
False
Does 3 divide 539006?
False
Does 468 divide 3494135?
False
Is 9 a factor of 3304251?
True
Is 252561 a multiple of 86?
False
Is 107 a factor of 325236?
False
Is 1186634 a multiple of 253?
False
Is 188795 a multiple of 114?
False
Does 7 divide 3002?
False
Does 77 divide 1814991?
False
Is 87 a factor of 140853?
True
Is 25 a factor of 93870?
False
Is 7476483 a multiple of 21?
True
Is 15 a factor of 7965?
True
Does 33 divide 573561?
False
Does 18 divide 415854?
True
Does 3 divide 522360?
True
Is 29065 a multiple of 22?
False
Is 377 a factor of 5754905?
True
Does 206 divide 769577?
False
Is 560 a factor of 24309040?
True
Is 246404 a multiple of 12?
False
Is 94 a factor of 4473406?
False
Does 126 divide 9320724?
True
Is 490768 a multiple of 74?
True
Is 110 a factor of 628100?
True
Is 1878602 a multiple of 22?
True
Is 3 a factor of 1411772?
False
Is 94 a factor of 24722?
True
Is 459158 a multiple of 326?
False
Does 405 divide 120285?
True
Does 66 divide 304986?
True
Is 1708447 a multiple of 296?
False
Is 299 a factor of 2188379?
False
Does 160 divide 246240?
True
Does 62 divide 2144546?
False
Is 697420 a multiple of 5?
True
Is 14 a factor of 267730?
False
Is 2852289 a multiple of 11?
True
Is 9 a factor of 4032?
True
Does 135 divide 1012175?
False
Does 25 divide 1152736?
False
Is 132 a